e 727971?
False
Does 27 divide 719577?
True
Does 9 divide 3296451?
False
Is 12 a factor of 84360?
True
Is 1870820 a multiple of 65?
False
Does 119 divide 147203?
True
Does 2 divide 14785?
False
Is 175849 a multiple of 1119?
False
Is 12 a factor of 98208?
True
Is 274446 a multiple of 193?
True
Is 113 a factor of 190274?
False
Is 611840 a multiple of 512?
True
Is 2833508 a multiple of 31?
False
Is 393684 a multiple of 12?
True
Is 21 a factor of 21011?
False
Does 26 divide 45490?
False
Is 681720 a multiple of 13?
True
Does 23 divide 4873269?
False
Is 1971019 a multiple of 438?
False
Does 15 divide 176479?
False
Is 73 a factor of 42973?
False
Is 3636580 a multiple of 698?
True
Is 108 a factor of 1406160?
True
Is 3329 a multiple of 5?
False
Does 25 divide 51171?
False
Is 104961 a multiple of 59?
True
Is 1161752 a multiple of 8?
True
Does 22 divide 170082?
True
Does 33 divide 981282?
False
Is 35 a factor of 836874?
False
Is 194523 a multiple of 2?
False
Is 16 a factor of 202448?
True
Is 349091 a multiple of 42?
False
Is 1353 a factor of 14019786?
True
Does 107 divide 399315?
False
Is 11 a factor of 1338209?
False
Is 156287 a multiple of 373?
True
Is 371 a factor of 318776?
False
Is 647567 a multiple of 135?
False
Does 6 divide 259001?
False
Is 249 a factor of 330672?
True
Is 10 a factor of 66318?
False
Does 266 divide 1745226?
True
Is 16 a factor of 431456?
True
Does 521 divide 5022065?
False
Is 120865 a multiple of 23?
True
Is 61 a factor of 3132533?
True
Is 17580586 a multiple of 38?
True
Is 463842 a multiple of 74?
False
Does 158 divide 1408728?
True
Is 8225549 a multiple of 19?
False
Is 173 a factor of 4484160?
True
Is 257 a factor of 280644?
True
Is 1280772 a multiple of 67?
True
Is 15 a factor of 3058?
False
Does 45 divide 54991?
False
Is 83850 a multiple of 73?
False
Is 9 a factor of 80145?
True
Does 13 divide 1427595?
True
Does 275 divide 300689?
False
Is 113 a factor of 698957?
False
Is 111072 a multiple of 16?
True
Is 1034742 a multiple of 646?
False
Is 10 a factor of 1463631?
False
Is 3358803 a multiple of 939?
True
Is 95 a factor of 1079877?
False
Is 48 a factor of 151478?
False
Is 525811 a multiple of 12?
False
Is 2549843 a multiple of 2?
False
Is 1093577 a multiple of 265?
False
Is 15 a factor of 6133350?
True
Is 133900 a multiple of 11?
False
Is 231261 a multiple of 471?
True
Does 41 divide 103894?
True
Is 4165715 a multiple of 905?
True
Is 4 a factor of 1259324?
True
Is 477 a factor of 734367?
False
Is 35164 a multiple of 6?
False
Is 139225 a multiple of 111?
False
Does 44 divide 221046?
False
Is 6482475 a multiple of 235?
True
Is 369 a factor of 1804779?
True
Is 1112128 a multiple of 129?
False
Does 84 divide 7056?
True
Is 1002 a factor of 1975776?
False
Is 67774 a multiple of 94?
True
Is 8 a factor of 3073720?
True
Is 1471 a factor of 4314260?
False
Does 611 divide 2207897?
False
Is 444980 a multiple of 3?
False
Is 9 a factor of 937259?
False
Is 4331126 a multiple of 778?
True
Does 366 divide 12967942?
False
Is 54 a factor of 81216?
True
Does 16 divide 139459?
False
Does 87 divide 866346?
True
Is 718 a factor of 638292?
False
Is 26632 a multiple of 12?
False
Does 340 divide 44394?
False
Is 28 a factor of 48076?
True
Is 326893 a multiple of 697?
True
Does 215 divide 2833024?
False
Does 8 divide 1547194?
False
Does 11 divide 383811?
False
Does 879 divide 650460?
True
Is 3 a factor of 1778545?
False
Is 28 a factor of 563724?
True
Is 31 a factor of 9641?
True
Is 538481 a multiple of 62?
False
Is 88124 a multiple of 163?
False
Is 610368 a multiple of 544?
True
Is 100 a factor of 736243?
False
Does 197 divide 1132356?
True
Is 27312 a multiple of 16?
True
Is 2892761 a multiple of 15?
False
Is 14 a factor of 5810?
True
Is 402 a factor of 1514385?
False
Does 34 divide 10828966?
True
Is 980422 a multiple of 662?
True
Is 122 a factor of 967094?
True
Is 9963115 a multiple of 215?
False
Does 30 divide 1241363?
False
Is 174712 a multiple of 14?
False
Is 94 a factor of 433528?
True
Does 358 divide 4686749?
False
Does 316 divide 119372?
False
Does 21 divide 139377?
True
Is 71 a factor of 3987786?
True
Is 11 a factor of 8844?
True
Is 3538817 a multiple of 869?
False
Is 252988 a multiple of 114?
False
Is 102 a factor of 327568?
False
Is 245948 a multiple of 165?
False
Does 124 divide 1083832?
False
Is 203 a factor of 15788934?
True
Is 2451676 a multiple of 6?
False
Does 11 divide 629244?
True
Is 43704 a multiple of 11?
False
Is 3752010 a multiple of 6?
True
Does 30 divide 7651020?
True
Is 22696 a multiple of 30?
False
Is 21 a factor of 118716?
False
Is 11 a factor of 14091?
True
Does 15 divide 1868636?
False
Is 12 a factor of 2584837?
False
Does 12 divide 339300?
True
Is 14456 a multiple of 40?
False
Does 505 divide 950410?
True
Is 129527 a multiple of 44?
False
Is 201 a factor of 5904777?
True
Is 36135376 a multiple of 944?
True
Is 507575 a multiple of 79?
True
Does 23 divide 150025?
False
Is 820195 a multiple of 112?
False
Is 88475 a multiple of 25?
True
Does 54 divide 555160?
False
Does 20 divide 118794?
False
Does 33 divide 643038?
True
Does 19 divide 24337518?
True
Is 192606 a multiple of 371?
False
Is 74529 a multiple of 273?
True
Does 326 divide 326000?
True
Does 613 divide 3499661?
False
Is 45 a factor of 3293010?
True
Is 1206312 even?
True
Does 16 divide 7687122?
False
Is 189 a factor of 7617078?
True
Is 348 a factor of 678084?
False
Is 18710 a multiple of 79?
False
Is 522303 a multiple of 215?
False
Is 6 a factor of 42800?
False
Is 3 a factor of 1756890?
True
Does 5 divide 32622?
False
Is 22 a factor of 2802690?
True
Is 1354857 a multiple of 96?
False
Is 2075352 a multiple of 86?
True
Does 112 divide 23527393?
False
Is 123 a factor of 159039?
True
Is 1061873 a multiple of 829?
False
Does 83 divide 47693?
False
Does 28 divide 118232?
False
Is 218112 a multiple of 192?
True
Is 18 a factor of 2248017?
False
Is 46 a factor of 11178092?
True
Is 15 a factor of 6796815?
True
Does 16 divide 129715?
False
Is 26574498 a multiple of 78?
False
Does 99 divide 99788?
False
Is 23 a factor of 1013620?
False
Is 20494698 a multiple of 21?
True
Is 871590 a multiple of 51?
True
Is 304 a factor of 755136?
True
Does 9 divide 505080?
True
Does 4 divide 26654?
False
Is 342633 a multiple of 7?
False
Does 1511 divide 10422878?
True
Is 17 a factor of 66504?
True
Is 47 a factor of 268587?
False
Does 57 divide 2080728?
True
Is 487240 a multiple of 2?
True
Does 126 divide 2450322?
True
Is 896 a factor of 3721984?
True
Does 185 divide 31635?
True
Does 22 divide 1123804?
True
Is 398599 a multiple of 17?
True
Is 12 a factor of 14050536?
True
Is 13 a factor of 850381?
False
Is 39 a factor of 419172?
True
Does 4 divide 1182239?
False
Is 78884 a multiple of 962?
True
Is 1379417 a multiple of 9?
False
Is 23 a factor of 2049256?
False
Does 16 divide 1665816?
False
Is 504270 a multiple of 585?
True
Does 248 divide 1779400?
True
Does 141 divide 2421393?
True
Is 702 a factor of 8509644?
True
Does 381 divide 34242?
False
Is 596499 a multiple of 12?
False
Is 53121 a multiple of 69?
False
Is 19728 a multiple of 137?
True
Does 27 divide 1122051?
False
Does 158 divide 141926?
False
Does 2 divide 224334?
True
Is 7744363 a multiple of 1306?
False
Is 7 a factor of 870016?
True
Does 1119 divide 4248843?
True
Is 1229418 a multiple of 81?
True
Is 1102466 a multiple of 14?
False
Does 5 divide 321210?
True
Is 43 a factor of 1068077?
True
Is 8909 a multiple of 5?
False
Is 353275 a multiple of 36?
False
Does 636 divide 532823?
False
Is 213 a factor of 113951?
False
Is 25 a factor of 727825?
True
Is 206 a factor of 165068?
False
Does 159 divide 1087493?
False
Is 10626314 a multiple of 533?
False
Does 3 divide 7437?
True
Is 146693 a multiple of 11?
False
Does 628 divide 1073554?
False
Is 219603 a multiple of 213?
True
Is 522014 a multiple of 29?
False
Is 33 a factor of 1304490?
True
Is 39 a factor of 155076?
False
Is 204 a factor of 422688?
True
Is 494280 a multiple of 12?
True
Is 97 a factor of 792296?
True
Does 51 divide 6507882?
False
Is 872 a factor of 6399527?
False
Is 1558841 a multiple of 1087?
False
Does 20 divide 309596?
False
Does 8 divide 552914?
False
Does 101 divide 833667?
False
Is 2011542 a multiple of 246?
True
Is 294029 a multiple of 8?
False
Does 52 divide 343616?
True
Is 1